{"id":1314,"date":"2020-11-20T14:04:49","date_gmt":"2020-11-20T19:04:49","guid":{"rendered":"http:\/\/www.portalmedia.com.mx\/fsi\/?page_id=1314"},"modified":"2020-11-20T14:18:11","modified_gmt":"2020-11-20T19:18:11","slug":"aviso-de-privacidad","status":"publish","type":"page","link":"http:\/\/www.ideafoodsafetyinnovation.com\/sitio\/aviso-de-privacidad\/","title":{"rendered":"Aviso de privacidad"},"content":{"rendered":"<p>[et_pb_section fb_built=\u00bb1&#8243; custom_padding_last_edited=\u00bbon|phone\u00bb admin_label=\u00bbHero\u00bb _builder_version=\u00bb4.6.6&#8243; use_background_color_gradient=\u00bbon\u00bb background_color_gradient_start=\u00bbrgba(0,0,0,0.4)\u00bb background_color_gradient_end=\u00bbrgba(0,0,0,0.5)\u00bb background_color_gradient_overlays_image=\u00bbon\u00bb background_image=\u00bbhttp:\/\/www.ideafoodsafetyinnovation.com\/sitio\/\/wp-content\/uploads\/2020\/10\/banner1.jpg\u00bb background_position=\u00bbbottom_right\u00bb custom_margin=\u00bb|5vw||\u00bb custom_padding=\u00bb2vw||2vw||true|false\u00bb custom_padding_tablet=\u00bb100px||100px|\u00bb custom_padding_phone=\u00bb|||\u00bb animation_style=\u00bbslide\u00bb animation_direction=\u00bbleft\u00bb animation_intensity_slide=\u00bb5%\u00bb border_radii=\u00bb|||30vw|\u00bb border_color_all=\u00bb#0ee1f4&#8243; border_width_right=\u00bb2vw\u00bb border_color_right=\u00bb#7f3078&#8243; box_shadow_style=\u00bbpreset4&#8243; box_shadow_horizontal=\u00bb20px\u00bb box_shadow_vertical=\u00bb0px\u00bb box_shadow_color=\u00bbrgba(127,48,120,0.86)\u00bb][et_pb_row _builder_version=\u00bb4.5.7&#8243; custom_padding=\u00bb0|0px|27px|0px\u00bb][et_pb_column type=\u00bb4_4&#8243; _builder_version=\u00bb3.25&#8243; custom_padding=\u00bb|||\u00bb custom_padding__hover=\u00bb|||\u00bb][et_pb_text admin_label=\u00bbText\u00bb _builder_version=\u00bb4.7.3&#8243; text_font=\u00bbMontserrat|300|||||||\u00bb text_font_size=\u00bb22px\u00bb text_line_height=\u00bb1.8em\u00bb ul_font=\u00bb||||||||\u00bb header_font=\u00bbMontserrat|||on|||||\u00bb header_font_size=\u00bb40px\u00bb header_line_height=\u00bb1.2em\u00bb text_orientation=\u00bbcenter\u00bb background_layout=\u00bbdark\u00bb module_alignment=\u00bbcenter\u00bb custom_padding=\u00bb20px||||false|false\u00bb hover_enabled=\u00bb0&#8243; text_line_height_tablet=\u00bb2em\u00bb text_line_height_phone=\u00bb2em\u00bb text_line_height_last_edited=\u00bboff|desktop\u00bb header_font_size_tablet=\u00bb40px\u00bb header_font_size_phone=\u00bb\u00bb header_font_size_last_edited=\u00bbon|tablet\u00bb header_line_height_tablet=\u00bb1.2em\u00bb header_line_height_phone=\u00bb1.1em\u00bb header_line_height_last_edited=\u00bbon|phone\u00bb header_text_shadow_style=\u00bbpreset3&#8243; header_text_shadow_color=\u00bbrgba(0,0,0,0.06)\u00bb sticky_enabled=\u00bb0&#8243;]<\/p>\n<h1>Aviso de privacidad<\/h1>\n<p>[\/et_pb_text][\/et_pb_column][\/et_pb_row][\/et_pb_section][et_pb_section fb_built=\u00bb1&#8243; admin_label=\u00bbWhy Us\u00bb _builder_version=\u00bb4.5.7&#8243; background_enable_image=\u00bboff\u00bb background_position=\u00bbtop_center\u00bb custom_padding=\u00bb70px|0px|30px|0px|false|false\u00bb][et_pb_row _builder_version=\u00bb4.5.7&#8243; custom_margin=\u00bb||0px||false|false\u00bb custom_margin_tablet=\u00bb||0px|\u00bb custom_margin_last_edited=\u00bboff|desktop\u00bb custom_padding=\u00bb||0px||false|false\u00bb use_custom_width=\u00bbon\u00bb width_unit=\u00bboff\u00bb custom_width_percent=\u00bb100%\u00bb][et_pb_column type=\u00bb4_4&#8243; _builder_version=\u00bb4.5.7&#8243; custom_padding_tablet=\u00bb0px|50px|50px|50px\u00bb custom_padding_last_edited=\u00bboff|desktop\u00bb padding_tablet=\u00bb0px|50px|50px|50px\u00bb padding_last_edited=\u00bbon|desktop\u00bb custom_padding__hover=\u00bb|||\u00bb][et_pb_text _builder_version=\u00bb4.7.3&#8243; text_font=\u00bbMontserrat|300|||||||\u00bb text_font_size=\u00bb16px\u00bb text_line_height=\u00bb1.8em\u00bb header_font=\u00bb||||||||\u00bb header_2_font=\u00bbMontserrat||||||||\u00bb header_2_text_align=\u00bbleft\u00bb header_2_font_size=\u00bb30px\u00bb header_2_line_height=\u00bb1.5em\u00bb max_width=\u00bb600px\u00bb custom_margin=\u00bb||0px||false|false\u00bb custom_margin_tablet=\u00bb0px|50px||50px\u00bb custom_margin_last_edited=\u00bboff|desktop\u00bb hover_enabled=\u00bb0&#8243; header_2_font_size_tablet=\u00bb\u00bb header_2_font_size_phone=\u00bb30px\u00bb header_2_font_size_last_edited=\u00bbon|phone\u00bb sticky_enabled=\u00bb0&#8243;]<\/p>\n<h2>Aviso de Privacidad<\/h2>\n<p>[\/et_pb_text][et_pb_divider divider_weight=\u00bb5px\u00bb _builder_version=\u00bb4.5.7&#8243; custom_margin=\u00bb||10px||false|false\u00bb custom_padding=\u00bb10px||||false|false\u00bb][\/et_pb_divider][\/et_pb_column][\/et_pb_row][et_pb_row _builder_version=\u00bb4.6.6&#8243; _module_preset=\u00bbdefault\u00bb custom_padding=\u00bb0px|||||\u00bb][et_pb_column type=\u00bb4_4&#8243; _builder_version=\u00bb4.6.6&#8243; _module_preset=\u00bbdefault\u00bb][et_pb_text _builder_version=\u00bb4.7.3&#8243; _module_preset=\u00bbdefault\u00bb text_font=\u00bbMontserrat||||||||\u00bb header_text_align=\u00bbjustify\u00bb hover_enabled=\u00bb0&#8243; sticky_enabled=\u00bb0&#8243; text_orientation=\u00bbjustified\u00bb]<\/p>\n<p>IDEA FSI\u00a0expone su aviso de privacidad conforme a la\u00a0Ley Federal de Protecci\u00f3n de Datos Personales en Posesi\u00f3n de los Particulares\u00a0que tiene por objeto regular el tratamiento leg\u00edtimo, controlado e informado, a efecto de garantizar la privacidad y el derecho a la autodeterminaci\u00f3n informativa de las personas.<\/p>\n<p>Lineamientos de privacidad de datos personales que sostienen las empresas del Grupo IDEA: INGENIER\u00cdA EN ALIMENTOS IDEA SA DE CV (ASESOR\u00cdA IDEA), IDEA FOOD SAFETY INNOVATION SA DE CV (IDEA FSI) y CONSTRUCCIONES ESPECIALIZADAS EN ALIMENTOS SA DE CV (CEA IDEA) con domicilio en domicilio en Av. Morones Prieto 2805 Colonia Lomas de San Francisco en Monterrey, Nuevo Le\u00f3n, M\u00e9xico.<\/p>\n<p>Sus datos personales son utilizados por Grupo IDEA como coordinador de las empresas ASESOR\u00cdA IDEA, IDEA FSI y CEA IDEA para los siguientes fines:<\/p>\n<ul>\n<li>Proveer informaci\u00f3n de servicios y productos requeridos;<\/li>\n<li>Informar sobre cambios, actualizaciones, promociones y lanzamientos de nuestros servicios y productos;<\/li>\n<li>Dar cumplimiento a obligaciones contra\u00eddas con nuestros clientes;<\/li>\n<li>Evaluar la calidad del servicio.<\/li>\n<\/ul>\n<p>Los datos personales que reunimos son los siguientes:<\/p>\n<ul>\n<li>Nombre<\/li>\n<li>Apellidos<\/li>\n<li>Empresa<\/li>\n<li>Ciudad<\/li>\n<li>Tel\u00e9fono<\/li>\n<li>Correo electr\u00f3nico<\/li>\n<\/ul>\n<p>Para las finalidades se\u00f1aladas en el presente aviso de privacidad, podemos recabar sus datos personales de las siguientes formas directas: cuando usted nos solicita informaci\u00f3n en el \u00e1rea de contacto de la p\u00e1gina web, cuando se inscribe a nuestros servicios, cuando se registra en nuestra base de datos de newsletter, cuando llama telef\u00f3nicamente para solicitar informaci\u00f3n, cuando participa en nuestras redes sociales (Facebook, Twitter o Linked in) con el objetivo de recibir nuestra informaci\u00f3n referente a los servicios que brindamos, cuando participa en nuestras promociones y cuando se registra de forma personal con los representantes del Grupo IDEA.<\/p>\n<p>Usted tiene el derecho de acceder a sus datos personales que poseemos y a los detalles de tratamiento de los mismos, as\u00ed como rectificarlos en caso de ser inexactos para actualizarlos o cancelarlos si lo considera necesario.<\/p>\n<p>En cualquier momento usted podr\u00e1 revocar el consentimiento que ha otorgado para el uso de sus datos personales para dejar de ser parte de nuestra base de dato de contactos. Para darse de baja puede hacerlo desde cualquier correo que haya recibido de promoci\u00f3n de nuestra parte en la liga que tiene como t\u00edtulo \u201cUnsuscribe\u201d o \u201cDarte de baja\u201d. Tambi\u00e9n puede solicitar su revocaci\u00f3n por medio del correo electr\u00f3nico, solicit\u00e1ndolo por escrito a info@ideafoodsafetyinnovation.com, IDEA FSI tendr\u00e1 un plazo m\u00e1ximo de 3 d\u00edas h\u00e1biles para atender su petici\u00f3n y darle informes de la procedencia de la misma a trav\u00e9s de la respuesta a su correo electr\u00f3nico.<\/p>\n<p>Sus datos personales s\u00f3lo pueden ser utilizados por las empresas asociadas al Grupo IDEA: INGENIER\u00cdA EN ALIMENTOS IDEA (ASESOR\u00cdA IDEA), IDEA FOOD SAFETY INNOVATION SA DE CV (IDEA FSI) y CONSTRUCCIONES ESPECIALIZADAS EN ALIMENTOS (CEA IDEA). No realizamos transferencia de sus datos personales a terceros.<\/p>\n<p>Le informamos que al darse de alta en nuestra base de datos o solicitar informaci\u00f3n confirman haber le\u00eddo y aceptar las pol\u00edticas expresadas en este documento para el tratamiento de datos personales.<\/p>\n<p>Si usted desea dejar de recibir mensajes de nuestra parte puede solicitarlo por correo electr\u00f3nico a info@ideafoodsafetyinnovation.com o al tel\u00e9fono: 01 800 838 4757.<\/p>\n<p>Nos reservamos el derecho de efectuar en cualquier momento, modificaciones o actualizaciones al presente aviso de privacidad, para la atenci\u00f3n de novedades legislativas o actualizaciones empresariales. Estas modificaciones estar\u00e1n disponibles al p\u00fablico a trav\u00e9s de los siguientes medios: noticia visible en nuestro sitios de internet, p\u00e1gina de internet, o se las haremos al \u00faltimo correo electr\u00f3nico que nos hayan proporcionado.<\/p>\n<p>Fecha de \u00faltima actualizaci\u00f3n: 3 de enero del 2013.<\/p>\n<p>[\/et_pb_text][et_pb_text _builder_version=\u00bb4.7.3&#8243; text_font=\u00bbMontserrat||||||||\u00bb text_text_color=\u00bb#FFFFFF\u00bb background_color=\u00bb#7f3078&#8243; custom_margin=\u00bb||10px||false|false\u00bb custom_padding=\u00bb10px||10px|20px|true|false\u00bb link_option_url=\u00bbhttp:\/\/www.ideafoodsafetyinnovation.com\/sitio\/\/wp-content\/uploads\/2020\/11\/Aviso_de_Privacidad_IDEA_FSI.pdf\u00bb hover_enabled=\u00bb0&#8243; background__hover_enabled=\u00bbon|hover\u00bb background_color__hover=\u00bbrgba(127,48,120,0.85)\u00bb background_enable_color__hover=\u00bbon\u00bb sticky_enabled=\u00bb0&#8243;]<\/p>\n<p><i class=\"fa fa-download\"><\/i> <span style=\"color: #7f3078;\">.<\/span> Descarga el aviso de privacidad<\/p>\n<p>[\/et_pb_text][\/et_pb_column][\/et_pb_row][\/et_pb_section]<\/p>\n","protected":false},"excerpt":{"rendered":"<p>Aviso de privacidadAviso de PrivacidadIDEA FSI\u00a0expone su aviso de privacidad conforme a la\u00a0Ley Federal de Protecci\u00f3n de Datos Personales en Posesi\u00f3n de los Particulares\u00a0que tiene por objeto regular el tratamiento leg\u00edtimo, controlado e informado, a efecto de garantizar la privacidad y el derecho a la autodeterminaci\u00f3n informativa de las personas. Lineamientos de privacidad de datos [&hellip;]<\/p>\n","protected":false},"author":1,"featured_media":0,"parent":0,"menu_order":0,"comment_status":"closed","ping_status":"closed","template":"","meta":{"_et_pb_use_builder":"on","_et_pb_old_content":"<!-- wp:divi\/placeholder \/-->","_et_gb_content_width":"","footnotes":""},"class_list":["post-1314","page","type-page","status-publish","hentry"],"yoast_head":"<!-- This site is optimized with the Yoast SEO plugin v25.3.1 - https:\/\/yoast.com\/wordpress\/plugins\/seo\/ -->\n<title>Aviso de privacidad - FSI<\/title>\n<meta name=\"robots\" content=\"index, follow, max-snippet:-1, max-image-preview:large, max-video-preview:-1\" \/>\n<link rel=\"canonical\" href=\"https:\/\/www.ideafoodsafetyinnovation.com\/sitio\/aviso-de-privacidad\/\" \/>\n<meta property=\"og:locale\" content=\"es_ES\" \/>\n<meta property=\"og:type\" content=\"article\" \/>\n<meta property=\"og:title\" content=\"Aviso de privacidad - FSI\" \/>\n<meta property=\"og:description\" content=\"Aviso de privacidadAviso de PrivacidadIDEA FSI\u00a0expone su aviso de privacidad conforme a la\u00a0Ley Federal de Protecci\u00f3n de Datos Personales en Posesi\u00f3n de los Particulares\u00a0que tiene por objeto regular el tratamiento leg\u00edtimo, controlado e informado, a efecto de garantizar la privacidad y el derecho a la autodeterminaci\u00f3n informativa de las personas. Lineamientos de privacidad de datos [&hellip;]\" \/>\n<meta property=\"og:url\" content=\"https:\/\/www.ideafoodsafetyinnovation.com\/sitio\/aviso-de-privacidad\/\" \/>\n<meta property=\"og:site_name\" content=\"FSI\" \/>\n<meta property=\"article:modified_time\" content=\"2020-11-20T19:18:11+00:00\" \/>\n<meta name=\"twitter:card\" content=\"summary_large_image\" \/>\n<meta name=\"twitter:label1\" content=\"Tiempo de lectura\" \/>\n\t<meta name=\"twitter:data1\" content=\"6 minutos\" \/>\n<script type=\"application\/ld+json\" class=\"yoast-schema-graph\">{\"@context\":\"https:\/\/schema.org\",\"@graph\":[{\"@type\":\"WebPage\",\"@id\":\"https:\/\/www.ideafoodsafetyinnovation.com\/sitio\/aviso-de-privacidad\/\",\"url\":\"https:\/\/www.ideafoodsafetyinnovation.com\/sitio\/aviso-de-privacidad\/\",\"name\":\"Aviso de privacidad - FSI\",\"isPartOf\":{\"@id\":\"https:\/\/www.ideafoodsafetyinnovation.com\/sitio\/#website\"},\"datePublished\":\"2020-11-20T19:04:49+00:00\",\"dateModified\":\"2020-11-20T19:18:11+00:00\",\"breadcrumb\":{\"@id\":\"https:\/\/www.ideafoodsafetyinnovation.com\/sitio\/aviso-de-privacidad\/#breadcrumb\"},\"inLanguage\":\"es\",\"potentialAction\":[{\"@type\":\"ReadAction\",\"target\":[\"https:\/\/www.ideafoodsafetyinnovation.com\/sitio\/aviso-de-privacidad\/\"]}]},{\"@type\":\"BreadcrumbList\",\"@id\":\"https:\/\/www.ideafoodsafetyinnovation.com\/sitio\/aviso-de-privacidad\/#breadcrumb\",\"itemListElement\":[{\"@type\":\"ListItem\",\"position\":1,\"name\":\"Portada\",\"item\":\"https:\/\/www.ideafoodsafetyinnovation.com\/sitio\/\"},{\"@type\":\"ListItem\",\"position\":2,\"name\":\"Aviso de privacidad\"}]},{\"@type\":\"WebSite\",\"@id\":\"https:\/\/www.ideafoodsafetyinnovation.com\/sitio\/#website\",\"url\":\"https:\/\/www.ideafoodsafetyinnovation.com\/sitio\/\",\"name\":\"FSI\",\"description\":\"Cursos\",\"potentialAction\":[{\"@type\":\"SearchAction\",\"target\":{\"@type\":\"EntryPoint\",\"urlTemplate\":\"https:\/\/www.ideafoodsafetyinnovation.com\/sitio\/?s={search_term_string}\"},\"query-input\":{\"@type\":\"PropertyValueSpecification\",\"valueRequired\":true,\"valueName\":\"search_term_string\"}}],\"inLanguage\":\"es\"}]}<\/script>\n<!-- \/ Yoast SEO plugin. -->","yoast_head_json":{"title":"Aviso de privacidad - FSI","robots":{"index":"index","follow":"follow","max-snippet":"max-snippet:-1","max-image-preview":"max-image-preview:large","max-video-preview":"max-video-preview:-1"},"canonical":"https:\/\/www.ideafoodsafetyinnovation.com\/sitio\/aviso-de-privacidad\/","og_locale":"es_ES","og_type":"article","og_title":"Aviso de privacidad - FSI","og_description":"Aviso de privacidadAviso de PrivacidadIDEA FSI\u00a0expone su aviso de privacidad conforme a la\u00a0Ley Federal de Protecci\u00f3n de Datos Personales en Posesi\u00f3n de los Particulares\u00a0que tiene por objeto regular el tratamiento leg\u00edtimo, controlado e informado, a efecto de garantizar la privacidad y el derecho a la autodeterminaci\u00f3n informativa de las personas. Lineamientos de privacidad de datos [&hellip;]","og_url":"https:\/\/www.ideafoodsafetyinnovation.com\/sitio\/aviso-de-privacidad\/","og_site_name":"FSI","article_modified_time":"2020-11-20T19:18:11+00:00","twitter_card":"summary_large_image","twitter_misc":{"Tiempo de lectura":"6 minutos"},"schema":{"@context":"https:\/\/schema.org","@graph":[{"@type":"WebPage","@id":"https:\/\/www.ideafoodsafetyinnovation.com\/sitio\/aviso-de-privacidad\/","url":"https:\/\/www.ideafoodsafetyinnovation.com\/sitio\/aviso-de-privacidad\/","name":"Aviso de privacidad - FSI","isPartOf":{"@id":"https:\/\/www.ideafoodsafetyinnovation.com\/sitio\/#website"},"datePublished":"2020-11-20T19:04:49+00:00","dateModified":"2020-11-20T19:18:11+00:00","breadcrumb":{"@id":"https:\/\/www.ideafoodsafetyinnovation.com\/sitio\/aviso-de-privacidad\/#breadcrumb"},"inLanguage":"es","potentialAction":[{"@type":"ReadAction","target":["https:\/\/www.ideafoodsafetyinnovation.com\/sitio\/aviso-de-privacidad\/"]}]},{"@type":"BreadcrumbList","@id":"https:\/\/www.ideafoodsafetyinnovation.com\/sitio\/aviso-de-privacidad\/#breadcrumb","itemListElement":[{"@type":"ListItem","position":1,"name":"Portada","item":"https:\/\/www.ideafoodsafetyinnovation.com\/sitio\/"},{"@type":"ListItem","position":2,"name":"Aviso de privacidad"}]},{"@type":"WebSite","@id":"https:\/\/www.ideafoodsafetyinnovation.com\/sitio\/#website","url":"https:\/\/www.ideafoodsafetyinnovation.com\/sitio\/","name":"FSI","description":"Cursos","potentialAction":[{"@type":"SearchAction","target":{"@type":"EntryPoint","urlTemplate":"https:\/\/www.ideafoodsafetyinnovation.com\/sitio\/?s={search_term_string}"},"query-input":{"@type":"PropertyValueSpecification","valueRequired":true,"valueName":"search_term_string"}}],"inLanguage":"es"}]}},"_links":{"self":[{"href":"http:\/\/www.ideafoodsafetyinnovation.com\/sitio\/wp-json\/wp\/v2\/pages\/1314","targetHints":{"allow":["GET"]}}],"collection":[{"href":"http:\/\/www.ideafoodsafetyinnovation.com\/sitio\/wp-json\/wp\/v2\/pages"}],"about":[{"href":"http:\/\/www.ideafoodsafetyinnovation.com\/sitio\/wp-json\/wp\/v2\/types\/page"}],"author":[{"embeddable":true,"href":"http:\/\/www.ideafoodsafetyinnovation.com\/sitio\/wp-json\/wp\/v2\/users\/1"}],"replies":[{"embeddable":true,"href":"http:\/\/www.ideafoodsafetyinnovation.com\/sitio\/wp-json\/wp\/v2\/comments?post=1314"}],"version-history":[{"count":6,"href":"http:\/\/www.ideafoodsafetyinnovation.com\/sitio\/wp-json\/wp\/v2\/pages\/1314\/revisions"}],"predecessor-version":[{"id":1327,"href":"http:\/\/www.ideafoodsafetyinnovation.com\/sitio\/wp-json\/wp\/v2\/pages\/1314\/revisions\/1327"}],"wp:attachment":[{"href":"http:\/\/www.ideafoodsafetyinnovation.com\/sitio\/wp-json\/wp\/v2\/media?parent=1314"}],"curies":[{"name":"wp","href":"https:\/\/api.w.org\/{rel}","templated":true}]}}